der when g(3) is divided by 117?
111
Let f = 2156 - 1475. What is the remainder when f is divided by 57?
54
Let l = 22 + -2. Calculate the remainder when 253 - 4/4*-4 is divided by l.
17
What is the remainder when 96*(-6 + 581/84) is divided by (-2)/6 - (-120)/9?
10
Let m = -1726 - -1812. Calculate the remainder when 521 is divided by m.
5
Let r = -1040 + 1287. Calculate the remainder when r is divided by 30.
7
Let u be ((-873)/(-15))/(6/30). Let f = -243 + u. Calculate the remainder when f is divided by 27.
21
Let x(j) = 24*j + 2754. Suppose 4*n = n + 6. Suppose -n*a + 46 = 2*u, -u + 0*u = 2*a - 45. What is the remainder when x(-113) is divided by a?
20
What is the remainder when 1408 is divided by 16/64 + 16698/24?
16
Suppose -5*n + 12 = n. Suppose 0 = 5*u - 2*g - 26, -2*u - n*g - 20 = -6*u. Suppose u*l = 4*l + 52. What is the remainder when 74 is divided by l?
22
Let d(s) = 53*s**2 - 4*s - 2. Let j(h) = -18*h - 55. Let u be j(-3). What is the remainder when d(u) is divided by 20?
15
Let f(u) = -151*u - 22. Calculate the remainder when 900 is divided by f(-1).
126
Let q = -22378 + 22733. What is the remainder when 1194 is divided by q?
129
Let q = 172 - 4. Calculate the remainder when 405 is divided by q.
69
Calculate the remainder when 980*(-7 - 152/(-20)) is divided by 34.
10
Suppose 0 = -3*g + 134 - 2. Let f = 5641 - 5467. Calculate the remainder when f is divided by g.
42
Let s(t) = -4 - 3*t + 0*t + 5*t. Let v be s(2). Suppose -9 = -v*q + 3*q, -q + 12 = h. Calculate the remainder when h is divided by 4.
3
Let i be 3 + (-5 - -3) + 1 + 0. Let c(s) = 3*s**2 + s - 4. Suppose 2*f = -2*f + 152. Calculate the remainder when f is divided by c(i).
8
Let s = 5619 - 5433. What is the remainder when s is divided by 39?
30
Suppose -3*g = -2*d + 203, -3*d - 4*g + 262 = -17. Calculate the remainder when 180 is divided by d.
83
Suppose 2243 = 424*q - 417*q + 570. Calculate the remainder when q is divided by 18.
5
Suppose 24*n - 13196 - 1756 = 0. What is the remainder when n is divided by 12?
11
Suppose 2827 = 48*x - 80 - 1845. Calculate the remainder when 1779 is divided by x.
96
Suppose 451 - 61 = 6*g. Let r = -4 - -33. What is the remainder when g is divided by r?
7
Suppose -3*h - 2*h = 5*n + 15, -2*h + 4*n + 30 = 0. Calculate the remainder when 29 is divided by h.
2
Suppose -3*c = -3*o - 390, -3*c = -4*c - 3*o + 134. Calculate the remainder when c is divided by 11 + (-12)/9*(-33)/11.
11
Suppose -26*x + 26412 = -38*x + 43*x. Calculate the remainder when x is divided by 125.
102
What is the remainder when (-218*(-1)/(-4))/((-72)/144) is divided by 77?
32
Suppose -1079 = -8*t - 5*t. Suppose 0 = v + 4*r - t, v - 24 = -r + 47. What is the remainder when 265 is divided by v?
64
Let h(p) = p**3 + 4*p**2 - 2*p - 1. Let y be h(2). Suppose 0 = y*l - 5122 + 1360. Calculate the remainder when l is divided by 17.
11
Suppose -2*y + 13*a + 3 = 8*a, 4*y + 3*a - 71 = 0. Suppose -y*q = -20*q + 240. What is the remainder when q is divided by 12?
4
Let g(p) = -p**2 + 16*p + 10. Suppose -13*c = -7*c - 13*c. Calculate the remainder when 248 is divided by g(c).
8
Let w = 92 + -92. Suppose -13*b + 10*b + 30 = w. Calculate the remainder when 2*(-1)/(b/(-395)) is divided by 16.
15
Let x = -2029 - -2051. What is the remainder when 382 is divided by x?
8
Suppose 11*o + 1632 = -5*o. Let b = o + 111. Calculate the remainder when 86 is divided by b.
5
Let z(y) = 2*y**3 + 5*y**2 - 8*y + 2. Let l(p) = 2*p**3 + 6*p**2 - 9*p + 3. Let w(r) = 4*l(r) - 5*z(r). What is the remainder when w(-3) is divided by 22?
13
Let j(f) = -f**3 - f**2 + f - 1. Suppose 0 = 4*i - v - 7, -3*v + 4*v - 8 = -i. Calculate the remainder when i*(-30)/54*-15 is divided by j(-3).
11
Let y = -37 - -39. Suppose -5*v + 95 = -5*b, 35 = 2*v - 3*b + y*b. Let k = 48 - v. Calculate the remainder when 93 is divided by k.
29
Suppose -19 = -m - 0*m + 3*w, -4*m + 127 = 5*w. Suppose 190*c - 305 = 835. Calculate the remainder when m is divided by c.
4
Suppose -2*c + 5*c = 132. Suppose 0 = -5*b + 10, -3*k + 5*b = -42 - c. Suppose -67*g = 3715 - 12157. What is the remainder when g is divided by k?
30
Let p = 51 + 51. Suppose -2*l + 4*w = -p, -l - w = 4*l - 222. Let g(n) = -n**3 + 2*n**2 + n + 5. What is the remainder when l is divided by g(-2)?
7
Let c = 53 + -34. Let b(k) = 3*k - 34. Let w be b(13). Suppose r + 65 = 3*r + w*g, 2*r + 2*g - 68 = 0. What is the remainder when r is divided by c?
16
Let v = -2277 - -2300. Calculate the remainder when 574 is divided by v.
22
Let f be (36 - 41)/(1*-1). Suppose 0 = -v - 4*n + 9, -11 = 7*v - 8*v - f*n. What is the remainder when 4 is divided by v?
0
Let a(y) = -y + 14. Let s be a(7). Suppose s*v + 27 = 8*v. Calculate the remainder when 86 is divided by (v - (0 + 4)) + 0.
17
Suppose 3*s = 3*k + 165 + 108, s - 85 = 2*k. What is the remainder when s is divided by 28?
13
Let u = 490 + 2400. Calculate the remainder when u is divided by 49.
48
Let a(d) = 9*d**2 - 10*d + 47. Let b be a(8). Suppose b*v - 553*v + 12460 = 0. What is the remainder when v is divided by 43?
42
Let h = 3 - -32. Let c be ((-72)/45)/((-1)/h). Calculate the remainder when 147 is divided by ((-30)/(-14))/(8/c).
12
Let w be 4/7*(-168)/(-24). Suppose w*i - 11*i = -357. What is the remainder when 63 is divided by i?
12
Suppose 2*z + 3*z = 0. Let c be (-915)/(-11) - (265/(-55) + 5). Suppose x - c = -z*x. What is the remainder when x is divided by 12?
11
Let d = -127 + 251. Calculate the remainder when d is divided by (-31 + 24)*(1 + -3).
12
Suppose 2*v + 0 = -148. Let s = -34 - v. Let c = 17 + s. Calculate the remainder when c is divided by 12.
9
What is the remainder when (-3316)/((-15)/3 - -3) - (21 + -21) is divided by 128?
122
Let l(a) = -39*a - 47. Let y be l(-11). Let i = 521 - y. Calculate the remainder when i is divided by 20.
19
Suppose 4*i = -4*o + 516, 8*i - 6*i + 2 = 0. Calculate the remainder when 2857 is divided by o.
127
Let f be ((-102)/170)/(3/(-10)). Suppose m - f*j + 12 - 78 = 0, 0 = -3*m + 4*j + 200. Calculate the remainder when m is divided by 24.
20
What is the remainder when 476 is divided by 6/8 + (65/104)/((-15)/(-3462))?
41
Let u(p) = 13*p**2 + 20*p - 430. Calculate the remainder when u(-25) is divided by 122.
119
Let h(n) = 21*n**2 + 15*n - 461. What is the remainder when 2664 is divided by h(-6)?
204
Let b = -50 + 100. Let y(d) = -8*d**3 - 7 + 2*d**2 + 2 - 21*d + 3 + 15*d**3 + 7. Calculate the remainder when y(3) is divided by b.
49
Let g = -16853 - -20838. What is the remainder when g is divided by 114?
109
Let n = 31 + -23. Suppose 0 = 4*i - 2*i - n. Suppose -3*k + 15 = 3*j, i*j + 4 = 2*j + 5*k. What is the remainder when 9 is divided by j?
0
Let l(r) = 21*r + 5. Let m(n) = -94*n + 8292. What is the remainder when l(5) is divided by m(88)?
10
Suppose -64 = -4*r - 16. Suppose 401 = -9*q + 1292. Calculate the remainder when (5 - q)*4/(-8) is divided by r.
11
Let s = 59 + -54. Let a(w) = -2*w**3 + 23*w**2 - 10*w - 10. Let p be a(11). Suppose 2*l - s = -p. What is the remainder when 8 is divided by l?
0
Suppose 0 = -3*f + h + 8, -h + 21 = 5*f + 5. Suppose q - f*q + 284 = 0. What is the remainder when q is divided by (-175 - (-69564)/330) + (1/5 - 0)?
34
Let u = 17398 + -17166. What is the remainder when 1832 is divided by u?
208
Calculate the remainder when (8/24)/(4/35856) - -6 is divided by 81.
78
Let j(n) = 6*n + 5. Let l be j(0). Suppose l*q = -v + 11, -2*q + 7*v = 4*v - 18. What is the remainder when 32 is divided by q?
2
Let a(o) = 16*o - 84. Let y be a(14). Let l = 307 - y. What is the remainder when l is divided by 43?
38
Suppose 0 = 3*m + f - 274, -5*m - 4*f = -568 + 116. Suppose -68 - m = -4*j. What is the remainder when 116 is divided by j?
36
Let u(l) = -l**3 - 14*l**2 - 17*l - 8. Let b be u(-15). Suppose 10*w - 1408 - b = 0. What is the remainder when w is divided by 63?
62
Let a = -17 - -31. Suppose 2*o + 0*o - a = 0. Let m(d) = -226*d**3 - 2488*d**2 - 22*d + 18. Calculate the remainder when m(-11) is divided by o.
4
Let w(p) = 2*p**2 - 109*p + 3341. Calculate the remainder when w(42) is divided by 42.
23
Suppose 441 = 3634*v - 3631*v. What is the remainder when v is divided by 103?
44
Suppose 5*a - 115 = -5*s, -s - 2*a - 15 = -39. Calculate the remainder when 389 is divided by s.